s 4473723 a multiple of 17?
False
Is 19465450 a multiple of 365?
True
Is 552 a factor of 2093321?
False
Is 2333610 a multiple of 402?
True
Is 4 a factor of 729844?
True
Is 131 a factor of 3812100?
True
Does 115 divide 503579?
False
Does 966 divide 1528041?
False
Is 2588283 a multiple of 93?
True
Is 31272 a multiple of 24?
True
Does 86 divide 1170136?
False
Is 588 a factor of 97237?
False
Is 87 a factor of 73324?
False
Is 66 a factor of 6425826?
True
Does 63 divide 134253?
True
Does 2 divide 43197?
False
Does 95 divide 5667985?
True
Does 91 divide 11052?
False
Is 126814 a multiple of 63?
False
Is 158895 a multiple of 11?
True
Is 5858270 a multiple of 55?
True
Is 216 a factor of 3024?
True
Does 13 divide 178061?
True
Is 722 a factor of 1557137?
False
Is 34545 a multiple of 245?
True
Does 36 divide 3723798?
False
Is 108040 a multiple of 219?
False
Does 16 divide 2450387?
False
Does 20 divide 424053?
False
Does 291 divide 7482192?
True
Is 3089103 even?
False
Is 4 a factor of 760926?
False
Is 7016849 a multiple of 7?
True
Is 231 a factor of 77056?
False
Does 203 divide 180611?
False
Is 17 a factor of 170119?
True
Is 1520 a factor of 2027765?
False
Is 269 a factor of 3544344?
True
Does 189 divide 56700?
True
Does 16 divide 28691?
False
Is 17 a factor of 120292?
True
Does 41 divide 91676?
True
Is 2320 a multiple of 464?
True
Is 2013666 a multiple of 6?
True
Is 66666 a multiple of 10?
False
Is 620940 a multiple of 655?
True
Is 177035 a multiple of 1137?
False
Does 13 divide 87923?
False
Does 37 divide 128258?
False
Is 167879 a multiple of 15?
False
Does 23 divide 59938?
True
Is 449 a factor of 308001?
False
Does 7 divide 2943836?
True
Does 16 divide 1699104?
True
Is 12 a factor of 5770128?
True
Is 614 a factor of 3118506?
True
Does 345 divide 1340988?
False
Is 8 a factor of 2204205?
False
Is 290 a factor of 4381?
False
Is 142263 a multiple of 27?
True
Is 110 a factor of 28892?
False
Does 3 divide 244208?
False
Does 51 divide 397596?
True
Is 7 a factor of 62654?
False
Does 53 divide 4514063?
True
Is 11 a factor of 416845?
True
Does 263 divide 50059?
False
Is 1025 a factor of 6589725?
True
Is 596 a factor of 697916?
True
Is 95 a factor of 32870?
True
Is 1466080 a multiple of 136?
True
Is 3 a factor of 1563021?
True
Is 63357 a multiple of 6?
False
Is 1893671 a multiple of 4?
False
Is 124413 a multiple of 367?
True
Does 2 divide 51145?
False
Is 43 a factor of 954170?
True
Is 721764 a multiple of 221?
False
Is 8074846 a multiple of 93?
False
Does 137 divide 365480?
False
Does 103 divide 109077?
True
Is 12 a factor of 143964?
True
Does 11 divide 351197?
True
Is 300 a factor of 1083000?
True
Is 850165 a multiple of 16?
False
Is 58 a factor of 24865?
False
Is 189 a factor of 597618?
True
Is 27 a factor of 3003574?
False
Does 13 divide 519493?
True
Does 84 divide 2268?
True
Does 8 divide 700876?
False
Does 12 divide 2621124?
True
Is 9 a factor of 558580?
False
Is 6 a factor of 19404?
True
Is 11 a factor of 66807?
False
Does 27 divide 4257090?
True
Is 1112376 a multiple of 1337?
False
Is 311781 a multiple of 166?
False
Is 65 a factor of 2403307?
False
Is 97870 a multiple of 10?
True
Is 4 a factor of 162941?
False
Does 207 divide 4671111?
False
Is 2710470 a multiple of 70?
True
Does 23 divide 349782?
False
Is 585192 a multiple of 103?
False
Is 1360922 a multiple of 251?
True
Is 1063794 a multiple of 125?
False
Does 17 divide 39763?
True
Is 2706980 a multiple of 5?
True
Is 12 a factor of 459784?
False
Is 222181 a multiple of 15?
False
Does 2 divide 5230856?
True
Is 44 a factor of 18463454?
False
Is 1397248 a multiple of 256?
True
Does 28 divide 1092?
True
Is 13 a factor of 946002?
False
Does 41 divide 4757230?
True
Is 1069 a factor of 6568082?
False
Is 10 a factor of 20970?
True
Does 318 divide 2275290?
True
Does 6 divide 21655?
False
Is 63 a factor of 3214029?
False
Is 241 a factor of 4556950?
False
Is 3 a factor of 165872?
False
Is 598824 a multiple of 72?
True
Does 26 divide 294528?
True
Is 250811 a multiple of 180?
False
Is 8944242 a multiple of 14?
False
Is 21 a factor of 359553?
False
Is 42 a factor of 23184?
True
Is 7 a factor of 396309?
False
Is 69900 a multiple of 10?
True
Is 355940 a multiple of 18?
False
Is 12 a factor of 633804?
True
Is 427 a factor of 89243?
True
Is 3135266 a multiple of 38?
True
Is 14484 a multiple of 34?
True
Does 511 divide 67834?
False
Is 136464 a multiple of 24?
True
Is 189726 a multiple of 16?
False
Is 192 a factor of 3076224?
True
Does 22 divide 1395284?
True
Is 93 a factor of 15149886?
True
Is 985 a factor of 30145277?
False
Is 131 a factor of 3343644?
True
Does 26 divide 77109?
False
Is 22 a factor of 195110?
False
Is 160 a factor of 2521394?
False
Is 18 a factor of 868651?
False
Is 9 a factor of 7003868?
False
Is 12426 a multiple of 2?
True
Is 7 a factor of 104076?
True
Is 2975395 a multiple of 23?
True
Is 6 a factor of 14776086?
True
Does 264 divide 1405272?
True
Is 69 a factor of 23262?
False
Is 46 a factor of 1974918?
True
Does 16 divide 1971824?
True
Is 9 a factor of 3872178?
True
Is 1609517 a multiple of 23?
True
Does 295 divide 190491?
False
Is 1680317 a multiple of 115?
False
Is 136 a factor of 2632144?
True
Does 163 divide 558927?
True
Is 2546856 a multiple of 234?
True
Does 43 divide 236837?
False
Is 71 a factor of 868528?
False
Is 38800 a multiple of 11?
False
Is 22786605 a multiple of 2757?
True
Is 17700 a multiple of 42?
False
Does 362 divide 5228880?
False
Is 311 a factor of 397284?
False
Is 5952 a multiple of 17?
False
Is 112 a factor of 2913662?
False
Is 756921 a multiple of 837?
False
Is 65 a factor of 146835?
True
Does 97 divide 1207262?
True
Is 222 a factor of 3457872?
True
Is 437114 a multiple of 28?
False
Is 40812 a multiple of 358?
True
Is 133 a factor of 298319?
True
Is 8544 a multiple of 16?
True
Is 7993038 a multiple of 174?
True
Is 31 a factor of 2465368?
True
Is 537971 a multiple of 706?
False
Does 75 divide 5955000?
True
Does 103 divide 113531?
False
Is 8418 a multiple of 23?
True
Is 49 a factor of 642957?
False
Is 2490370 a multiple of 330?
False
Is 123 a factor of 2946628?
False
Is 13809684 a multiple of 87?
True
Does 15 divide 2775?
True
Is 591 a factor of 2408559?
False
Is 44 a factor of 526818?
False
Does 448 divide 813568?
True
Is 34 a factor of 738232?
False
Is 77274 a multiple of 9?
True
Is 959774 a multiple of 122?
True
Does 140 divide 24123?
False
Is 165742 a multiple of 79?
True
Does 4 divide 76800?
True
Is 305969 a multiple of 251?
True
Does 248 divide 1804352?
False
Is 23547 a multiple of 47?
True
Does 99 divide 427611?
False
Does 101 divide 594587?
True
Is 15 a factor of 3701685?
True
Is 780624 a multiple of 139?
True
Is 6 a factor of 29314?
False
Is 8 a factor of 5455253?
False
Is 83736 a multiple of 3?
True
Is 16 a factor of 33488?
True
Does 62 divide 1090104?
False
Is 602536 a multiple of 22?
True
Is 11 a factor of 7760610?
True
Does 97 divide 324562?
True
Is 198589 a multiple of 18?
False
Does 6 divide 19212?
True
Is 1283 a factor of 2462326?
False
Is 31 a factor of 186082?
False
Is 18 a factor of 495468?
True
Does 11 divide 2311133?
True
Is 5895469 a multiple of 90?
False
Does 9 divide 323078?
False
Does 50 divide 11530029?
False
Is 52 a factor of 473564?
True
Does 400 divide 29200?
True
Is 2132460 a multiple of 44?
True
Is 422506 a multiple of 3?
False
Is 497 a factor of 695800?
True
Is 10 a factor of 6152?
False
Is 4678722 a multiple of 2019?
False
Is 74515 a multiple of 5?
True
Does 46 divide 1171761?
False
Is 2304276 a multiple of 26?
True
Is 11650855 a multiple of 505?
True
Is 1914796 a multiple of 1196?
True
Does 588 divide 324783?
False
Is 30744 a multiple of 126?
True
Is 3 a factor of 308625?
True
Is 38 a factor of 162982?
True
Is 25531 a multiple of 121?
True
Is 50 a factor of 1135924?
False
Is 5 a factor of 56099?
False
Is 374808 a multiple of 184?
True
Does 295 divide 75815?
True
Does 46 divide 71166?
False
Is 16 a factor of 1882400?
True
Is 217 a factor of 608186?
False
Does 149 divide 60105?
False
Is 31 a factor of 777674?
False
Does 116 divide 1145848?
True
Is 1122 a factor of 692274?
True
Is 9 a factor of 4616352?
True
Is 234 a factor of 116569?
False
Does 57 divide 49758?
False
Does 424 divide 3060008?
True
Is 985150 a multiple of 286?
False
Is 522 a factor 